4?
-33103
16796 (base 15) to base 10
72591
What is -658b88 (base 16) in base 2?
-11001011000101110001000
Convert -2959b (base 16) to base 6.
-3344043
What is db63e5 (base 15) in base 8?
47671742
10020222010 (base 3) to base 9
106863
-4353240 (base 7) to base 13
-1591a7
What is 27031 (base 12) in base 15?
10d3a
Convert 44524045 (base 6) to base 8.
5112175
Convert 1112023000 (base 4) to base 11.
221203
-655136 (base 7) to base 15
-23e78
What is -1120220322 (base 4) in base 7?
-3041334
Convert 2111493 (base 10) to base 16.
203805
Convert 940512 (base 11) to base 9.
2748417
What is -1534d3 (base 14) in base 8?
-2643441
What is -25540303 (base 6) in base 8?
-3143317
Convert -4462323 (base 8) to base 6.
-41500455
be37b (base 15) to base 16
93af4
Convert -101011000010100 (base 2) to base 10.
-22036
Convert -22266 (base 7) to base 10.
-5634
Convert 24b6776 (base 12) to base 14.
d58598
101001001101001011100 (base 2) to base 8
5115134
What is -202252422 (base 6) in base 13?
-948a16
Convert -367727 (base 8) to base 10.
-126935
-23102131023 (base 4) to base 5
-1224143204
What is -45a50 (base 14) in base 13?
-5c15b
What is 20033202323 (base 4) in base 10?
2160827
What is 1102100022111 (base 3) in base 13?
2056c3
What is 10101100010000111 (base 2) in base 6?
1520155
-112021202200201 (base 3) to base 5
-3420434130
Convert -13341410 (base 5) to base 9.
-228058
What is -3947a6 (base 11) in base 3?
-1011120010202
Convert a7a881 (base 14) to base 13.
1239855
Convert 25150476 (base 8) to base 6.
315050114
-3004224 (base 6) to base 4
-202121320
-704470 (base 10) to base 3
-1022210100111
-23249 (base 13) to base 11
-44194
11100101011100111 (base 2) to base 11
8029a
Convert -1200210102 (base 4) to base 7.
-3235113
What is 24066456 (base 7) in base 5?
1021300013
121130311313 (base 4) to base 13
14c7995
What is -23272325 (base 8) in base 3?
-100112220012201
-11102222000 (base 3) to base 16
-1559d
Convert -43a146 (base 13) to base 12.
-649aa4
What is -62666 (base 12) in base 10?
-128814
What is 129388 (base 15) in base 10?
891803
What is -321475 (base 11) in base 12?
-209790
3a3a26 (base 14) to base 11
1151596
What is 1100222001102 (base 3) in base 11?
457707
300132313 (base 4) to base 2
110000011110110111
What is 212030231 (base 4) in base 6?
3204205
19b43a1 (base 13) to base 12
2a16463
What is 9445e (base 16) in base 12?
253566
7a871 (base 13) to base 4
312201231
What is -5052017 (base 8) in base 14?
-26971d
Convert 73a45 (base 16) to base 3.
220001202022
7cd70 (base 14) to base 3
120110200021
121798 (base 10) to base 15
2614d
What is a59972 (base 14) in base 16?
5566d0
What is 1a9a79 (base 11) in base 3?
121021222010
What is -304002040 (base 5) in base 13?
-342c79
1244036 (base 7) to base 16
279da
-4105031 (base 6) to base 11
-123977
Convert -168ad (base 14) to base 9.
-85570
What is -120100022210102 (base 3) in base 10?
-8155172
Convert 22010122121112 (base 3) to base 10.
4323416
What is 2000000111210 (base 3) in base 12?
433386
Convert 2396524 (base 10) to base 16.
24916c
Convert -373743 (base 8) to base 14.
-3501d
-1734071 (base 8) to base 10
-505913
What is 7433442 (base 8) in base 2?
111100011011100100010
Convert -50161 (base 8) to base 4.
-11001301
Convert 6a2c68 (base 14) to base 12.
1266424
What is 121011011021112 (base 3) in base 6?
504000535
Convert -16725339 (base 10) to base 6.
-1354252043
1003415230 (base 6) to base 2
100111000110101111100010
Convert 1111230223 (base 4) to base 16.
55b2b
What is 16505422 (base 7) in base 13?
447376
What is 443231 (base 6) in base 13?
13b13
79645 (base 10) to base 9
131224
What is -255bdc (base 16) in base 2?
-1001010101101111011100
What is 50141404 (base 6) in base 8?
5307614
What is -30a969 (base 12) in base 7?
-6334524
-1b9a45 (base 12) to base 8
-1704625
What is -1110000011010 (base 2) in base 5?
-212234
98627 (base 10) to base 13
35b79
-10515511 (base 6) to base 16
-4e763
What is -32247 (base 11) in base 14?
-13126
15005383 (base 9) to base 4
130121122221
What is -102a452 (base 11) in base 2?
-110111011000010100110
What is 296ce (base 15) in base 2?
100000100000110001
Convert 2992113 (base 10) to base 11.
1764023
What is -5656503 (base 7) in base 9?
-1281783
What is 357e4e (base 15) in base 7?
30513005
Convert -3142310 (base 8) to base 5.
-203234213
Convert 10712 (base 9) to base 4.
1233203
What is -22435215 (base 6) in base 16?
-a84bb
What is 21656 (base 16) in base 9?
227568
What is -675862 (base 13) in base 12?
-99811a
Convert -1001101001001001 (base 2) to base 14.
-10573
41b3a (base 12) to base 7
506416
Convert -1002303 (base 8) to base 9.
-441235
-14770 (base 13) to base 7
-220414
-13310608 (base 10) to base 7
-221065303
11001000101111111 (base 2) to base 9
165883
What is -443112 (base 6) in base 2?
-1001000001110100
-1212022110 (base 3) to base 4
-20331012
Convert -44064c (base 13) to base 11.
-9a3525
What is 4b533 (base 12) in base 9?
165803
Convert -1aac349 (base 13) to base 15.
-b9cd71
What is -11000101000001110 (base 2) in base 13?
-36bbb
-1433bb (base 13) to base 6
-14321233
Convert -5767 (base 13) to base 10.
-12253
Convert -56381 (base 9) to base 7.
-214213
Convert -1114334110 (base 5) to base 6.
-125300135
What is -5515202 (base 8) in base 12?
-5b5316
What is 11011100110100 (base 2) in base 16?
3734
What is 20d3d (base 14) in base 5?
10020220
What is 121555 (base 8) in base 9?
63345
What is -12004014 (base 5) in base 10?
-109884
What is -99921 (base 12) in base 9?
-340127
-15689174 (base 10) to base 15
-159d99e
What is -1061751 (base 12) in base 5?
-1244110242
What is 231303001002 (base 4) in base 10?
12005442
-23212113 (base 4) to base 9
-72150
-809ac (base 13) to base 4
-320030013
What is -663542 (base 7) in base 3?
-12220212202
Convert -4a290 (base 11) to base 5.
-4302330
Convert -361664 (base 7) to base 13.
-23a83
What is 312112013 (base 4) in base 8?
662607
89e6 (base 16) to base 3
1210102111
Convert -60022 (base 11) to base 3.
-11110112110
What is -2061990 (base 10) in base 2?
-111110111011010100110
1501 (base 7) to base 5
4324
-a8a356 (base 15) to base 9
-16103500
11011110000101001010 (base 2) to base 10
909642
-1212012100112 (base 3) to base 14
-1ba112
19a06 (base 14) to base 7
360506
What is -21981 (base 11) in base 6?
-403103
-3151431 (base 6) to base 7
-1212511
Convert -3041102 (base 6) to base 4.
-203133332
Convert -2576a7 (base 15) to base 14.
-34ac59
What is -401134 (base 9) in base 5?
-30041122
Convert 1353178 (base 10) to base 9.
2482181
What is -11113320023 (base 4) in base 5?
-330033043
What is -34760 (base 14) in base 3?
-20111010220
832a0 (base 11) to base 14
323a9
What is -2342243 (base 6) in base 14?
-32839
Convert 2325063 (base 7) to base 2.
1000111010110111001
What is -174945 (base 10) in base 15?
-36c80
What is 59016 (base 11) in base 5?
10211301
Convert -146959b (base 13) to base 15.
-887213
30430342 (base 5) to base 7
2054334
What is -1011100110000011000 (base 2) in base 5?
-44124203
What is -27820 (base 9) in base 2?
-100100111001011
What is 1606630 (base 7) in base 15?
45694
Convert 1300422004 (base 5) to base 7.
35452421
What is -226104 (base 13) in base 9?
-1468273
Convert 52006 (base 14) to base 7.
1452006
-253411211 (base 6) to base 15
-67631a
-10000000111010001110011 (base 2) to base 15
-5868ca
-a454a (base 13) to base 16
-48189
-610ede (base 15) to base 11
-2669812
22434322 (base 7) to base 6
105550234
6a868 (base 11) to base 6
2105050
What is a03a3a (base 15) in base 13?
17640ca
Convert 202223303 (base 4) to base 13.
4c883
-2034412234 (base 5) to base 15
-584549
-33123102230 (base 4) to base 6
-222401552
Convert -4423323 (base 6) to base 8.
-657643
What is 1140634 (base 7) in base 9?
240041
Convert 2bde5 (base 15) to base 9.
235108
Convert 101001011011001010110101 (base 2) to base 14.
1629605
Convert 9971a1 (base 12) to base 14.
476929
-364053 (base 16) to base 14
-6879bd
Convert -101100101101011011001001 (base 2) to base 4.
-230231123021
What is 2473800 (base 11) in base 14?
7db218
Convert 812778 (base 9) to base 3.
220102212122
-1111201020 (base 3) to base 2
-111001111101111
2867712 (base 9) to base 11
98a356
Convert 20120114 (base 5) to base 12.
78b83
Convert -267b76 (base 13) to base 16.
-e35d7
-12003325 (base 7) to base 14
-1d844c
35240021 (base 6) to base 